factors of 118644449?
7, 11, 1039, 1483
List the prime factors of 2316397359.
3, 29, 149, 178693
What are the prime factors of 267429426?
2, 3, 11, 131, 30931
What are the prime factors of 17850089?
2663, 6703
What are the prime factors of 104047389?
3, 29, 83, 1601
What are the prime factors of 71867651?
673, 106787
List the prime factors of 8410486.
2, 7, 31, 19379
What are the prime factors of 23993799?
3, 7997933
What are the prime factors of 666482722?
2, 17, 19, 1031707
List the prime factors of 207567195.
3, 5, 11, 17, 73999
List the prime factors of 89336545.
5, 197, 90697
List the prime factors of 56624253.
3, 7, 385199
List the prime factors of 21415623.
3, 7138541
List the prime factors of 133725196.
2, 11, 17, 31, 73, 79
List the prime factors of 2710321068.
2, 3, 7, 13, 2481979
What are the prime factors of 57504101?
31, 1854971
List the prime factors of 39817091.
39817091
What are the prime factors of 322133745?
3, 5, 23, 71, 13151
What are the prime factors of 16661275?
5, 17, 197, 199
List the prime factors of 3664553239.
3664553239
What are the prime factors of 238452208?
2, 983, 15161
What are the prime factors of 4795677122?
2, 31, 53, 1459427
List the prime factors of 3820536.
2, 3, 47, 1129
List the prime factors of 5281910680.
2, 5, 163, 810109
List the prime factors of 3165695739.
3, 351743971
List the prime factors of 40966123.
11, 338563
What are the prime factors of 239662818?
2, 3, 643, 20707
List the prime factors of 95458682.
2, 11, 4339031
List the prime factors of 744897835.
5, 11, 13543597
What are the prime factors of 19804442?
2, 7, 139, 10177
What are the prime factors of 15259705?
5, 281, 10861
What are the prime factors of 16704429?
3, 7, 795449
List the prime factors of 26910729.
3, 37, 211, 383
What are the prime factors of 209916627?
3, 131, 293, 1823
List the prime factors of 383085624.
2, 3, 43, 317, 1171
List the prime factors of 859214.
2, 17, 37, 683
List the prime factors of 173531679.
3, 29, 557, 3581
What are the prime factors of 57514767?
3, 19, 83, 12157
What are the prime factors of 45135638?
2, 43, 89, 5897
List the prime factors of 1143902292.
2, 3, 13, 7332707
What are the prime factors of 216427012?
2, 157, 344629
What are the prime factors of 3388063?
7, 521, 929
List the prime factors of 911249108.
2, 7, 11, 41, 72161
What are the prime factors of 17758849?
17758849
What are the prime factors of 3289062062?
2, 11, 13, 11500217
What are the prime factors of 106115115?
3, 5, 7074341
What are the prime factors of 56081871?
3, 229, 27211
What are the prime factors of 488831813?
488831813
What are the prime factors of 4395323855?
5, 13, 151, 447817
What are the prime factors of 111612843?
3, 641, 6449
List the prime factors of 5186313312.
2, 3, 727, 74311
What are the prime factors of 253265792?
2, 13, 152203
What are the prime factors of 546810042?
2, 3, 91135007
List the prime factors of 32743883.
173, 189271
List the prime factors of 31231920.
2, 3, 5, 179, 727
What are the prime factors of 21576720?
2, 3, 5, 11, 743
List the prime factors of 59759455.
5, 7, 1707413
List the prime factors of 2854050127.
61, 5011, 9337
What are the prime factors of 211405015?
5, 277, 152639
What are the prime factors of 49723313?
29, 67, 157, 163
What are the prime factors of 81345380?
2, 5, 229, 17761
List the prime factors of 144291814.
2, 19, 281, 13513
List the prime factors of 1160626806.
2, 3, 29, 82349
List the prime factors of 273730867.
47, 271, 21491
List the prime factors of 126479804.
2, 11, 1069, 2689
List the prime factors of 1299543981.
3, 181, 787, 3041
What are the prime factors of 150469?
11, 13679
What are the prime factors of 102549761?
102549761
What are the prime factors of 472710638?
2, 236355319
What are the prime factors of 382809513?
3, 53, 107, 22501
List the prime factors of 2327190500.
2, 5, 4654381
What are the prime factors of 1075246700?
2, 5, 11, 271, 3607
List the prime factors of 29688455.
5, 1789, 3319
What are the prime factors of 822795713?
822795713
What are the prime factors of 3544578061?
751, 4719811
What are the prime factors of 912708893?
9833, 92821
List the prime factors of 855458966.
2, 18439, 23197
What are the prime factors of 369423909?
3, 433, 3511
List the prime factors of 75317666.
2, 37658833
What are the prime factors of 1230162547?
1230162547
What are the prime factors of 985901968?
2, 61618873
What are the prime factors of 15138635?
5, 41, 73847
List the prime factors of 784125988.
2, 71, 2761007
What are the prime factors of 1954312281?
3, 217145809
List the prime factors of 79104772.
2, 19776193
What are the prime factors of 388767117?
3, 229, 565891
What are the prime factors of 304392422?
2, 152196211
What are the prime factors of 4632747?
3, 7, 167, 1321
What are the prime factors of 707830?
2, 5, 70783
List the prime factors of 4265347017.
3, 257, 5532227
What are the prime factors of 2465963?
2465963
List the prime factors of 55313969.
55313969
What are the prime factors of 4046221261?
193, 20964877
What are the prime factors of 79142359?
2333, 33923
What are the prime factors of 70888804?
2, 7, 109, 23227
What are the prime factors of 127283007?
3, 211, 233, 863
What are the prime factors of 1013690680?
2, 5, 61, 415447
List the prime factors of 665976229.
47, 14169707
List the prime factors of 4444591406.
2, 439, 5062177
List the prime factors of 2582769.
3, 7, 29, 4241
List the prime factors of 27175336.
2, 3396917
What are the prime factors of 1089672237?
3, 37, 109, 10007
List the prime factors of 52427214.
2, 3, 7, 416089
What are the prime factors of 371722913?
371722913
What are the prime factors of 252186024?
2, 3, 17, 103, 353
List the prime factors of 99990294.
2, 3, 17, 71, 13807
What are the prime factors of 247229256?
2, 3, 10301219
List the prime factors of 183877740.
2, 3, 5, 31, 1063
What are the prime factors of 490461663?
3, 163487221
List the prime factors of 132523876.
2, 233, 142193
What are the prime factors of 2028179?
2028179
What are the prime factors of 57865308?
2, 3, 89, 54181
List the prime factors of 541798773.
3, 73, 2473967
List the prime factors of 823364412.
2, 3, 13, 227, 23251
What are the prime factors of 1819018493?
587, 3098839
What are the prime factors of 31321624?
2, 29, 135007
What are the prime factors of 357212477?
367, 973331
List the prime factors of 2249320444.
2, 7, 31, 179, 467
What are the prime factors of 386180264?
2, 61, 12973
List the prime factors of 78623710.
2, 5, 11, 19, 37619
List the prime factors of 320156409.
3, 106718803
What are the prime factors of 2570574207?
3, 856858069
What are the prime factors of 2744528444?
2, 7, 98018873
What are the prime factors of 2044692749?
11, 647, 287297
What are the prime factors of 554524015?
5, 110904803
What are the prime factors of 226578002?
2, 7, 19, 851797
List the prime factors of 551658853.
71, 2213, 3511
What are the prime factors of 105261688?
2, 7, 17, 110569
What are the prime factors of 45658749?
3, 23, 661721
What are the prime factors of 42405090?
2, 3, 5, 7, 13, 317
What are the prime factors of 2770836654?
2, 3, 461806109
List the prime factors of 22780363.
1483, 15361
List the prime factors of 250138474.
2, 131, 954727
List the prime factors of 251541412.
2, 89, 167, 4231
List the prime factors of 4555340533.
47, 563, 172153
What are the prime factors of 285230097?
3, 17, 401, 4649
What are the prime factors of 322185911?
29, 241, 46099
List the prime factors of 1939046675.
5, 461, 168247
List the prime factors of 22853575.
5, 739, 1237
List the prime factors of 9143600.
2, 5, 22859
List the prime factors of 935803603.
7, 31, 2003, 2153
What are the prime factors of 162554786?
2, 81277393
What are the prime factors of 121842408?
2, 3, 23, 103, 2143
List the prime factors of 62474824.
2, 7809353
List the prime factors of 114846086.
2, 2243, 25601
List the prime factors of 200059466.
2, 9829, 10177
What are the prime factors of 607174829?
6373, 95273
What are the prime factors of 476860481?
83, 5745307
List the prime factors of 1030137510.
2, 3, 5, 34337917
List the prime factors of 163022792.
2, 17, 67, 17891
What are the prime factors of 19248533?
113, 170341
What are the prime factors of 48850156?
2, 12212539
What are the